{"id":202593,"date":"2023-09-26T17:51:15","date_gmt":"2023-09-26T15:51:15","guid":{"rendered":"https:\/\/ferramentaidraulicasavi.it\/prodotto\/saliscendi-doccia-regolabile-5-getti-venus-106\/"},"modified":"2025-10-25T10:36:20","modified_gmt":"2025-10-25T08:36:20","slug":"saliscendi-doccia-regolabile-5-getti-venus-106","status":"publish","type":"product","link":"https:\/\/ferramentaidraulicasavi.it\/?product=saliscendi-doccia-regolabile-5-getti-venus-106","title":{"rendered":"SALISCENDI DOCCIA REGOLABILE 5 GETTI VENUS 106"},"content":{"rendered":"<p>Saliscendi cromato con interasse regolabile 5 funzioni.<br \/>\nSaliscendi Venus 106 interasse variabile.<\/p>\n<p>Set asta saliscendi doccia Damast Venus 106 ad attacco variabile, con doccetta in ABS cinque getti, completo di portasapone in ABS, asta in acciaio inox 304 cromata, flessibile doccia 150cm doppia aggraffatura.<\/p>\n<p>Damast &#8211; Dinamica, giovane, efficiente. Tre parole per definire un modo squisitamente unico di essere made in Italy. L&#8217;azienda \u00e8 nata nel 2000 e, grazie alla continua attivit\u00e0 di ricerca e sviluppo, alla valorizzazione delle risorse umane e a un management orientato alla qualit\u00e0, \u00e8 cresciuta incontrando il parere favorevole di una clientela sempre in crescita.Damast si \u00e8 evoluta nel tempo divenendo un&#8217;azienda i cui valori si intrecciano con la tradizione e la volont\u00e0 di garantire soluzioni di qualit\u00e0 ed un servizio affidabile.<\/p>\n<p>Caratteristiche del prodotto:<br \/>\n&#8211; tipo prodotto: Set asta saliscendi attacco variabile<br \/>\n&#8211; materiale: ottone<br \/>\n&#8211; finitura: cromo<br \/>\n&#8211; doccetta multifunzione cinque getti in abs cromato<br \/>\n&#8211; flessibile 150cm doppia aggraffatura<br \/>\n&#8211; altezza asta: 760mm<br \/>\n&#8211; portasapone in abs trasparente<\/p>\n","protected":false},"excerpt":{"rendered":"<p>Saliscendi cromato con interasse regolabile 5 funzioni. Saliscendi Venus 106 interasse variabile. Set asta saliscendi doccia Damast Venus 106 ad attacco variabile, con doccetta in ABS cinque getti, completo di portasapone in ABS, asta in acciaio inox 304 cromata, flessibile doccia 150cm doppia aggraffatura. Damast &#8211; Dinamica, giovane, efficiente. Tre parole per definire un modo [&hellip;]<\/p>\n","protected":false},"featured_media":241832,"template":"","meta":{"ocean_post_layout":"","ocean_both_sidebars_style":"","ocean_both_sidebars_content_width":0,"ocean_both_sidebars_sidebars_width":0,"ocean_sidebar":"","ocean_second_sidebar":"","ocean_disable_margins":"enable","ocean_add_body_class":"","ocean_shortcode_before_top_bar":"","ocean_shortcode_after_top_bar":"","ocean_shortcode_before_header":"","ocean_shortcode_after_header":"","ocean_has_shortcode":"","ocean_shortcode_after_title":"","ocean_shortcode_before_footer_widgets":"","ocean_shortcode_after_footer_widgets":"","ocean_shortcode_before_footer_bottom":"","ocean_shortcode_after_footer_bottom":"","ocean_display_top_bar":"default","ocean_display_header":"default","ocean_header_style":"","ocean_center_header_left_menu":"","ocean_custom_header_template":"","ocean_custom_logo":0,"ocean_custom_retina_logo":0,"ocean_custom_logo_max_width":0,"ocean_custom_logo_tablet_max_width":0,"ocean_custom_logo_mobile_max_width":0,"ocean_custom_logo_max_height":0,"ocean_custom_logo_tablet_max_height":0,"ocean_custom_logo_mobile_max_height":0,"ocean_header_custom_menu":"","ocean_menu_typo_font_family":"","ocean_menu_typo_font_subset":"","ocean_menu_typo_font_size":0,"ocean_menu_typo_font_size_tablet":0,"ocean_menu_typo_font_size_mobile":0,"ocean_menu_typo_font_size_unit":"px","ocean_menu_typo_font_weight":"","ocean_menu_typo_font_weight_tablet":"","ocean_menu_typo_font_weight_mobile":"","ocean_menu_typo_transform":"","ocean_menu_typo_transform_tablet":"","ocean_menu_typo_transform_mobile":"","ocean_menu_typo_line_height":0,"ocean_menu_typo_line_height_tablet":0,"ocean_menu_typo_line_height_mobile":0,"ocean_menu_typo_line_height_unit":"","ocean_menu_typo_spacing":0,"ocean_menu_typo_spacing_tablet":0,"ocean_menu_typo_spacing_mobile":0,"ocean_menu_typo_spacing_unit":"","ocean_menu_link_color":"","ocean_menu_link_color_hover":"","ocean_menu_link_color_active":"","ocean_menu_link_background":"","ocean_menu_link_hover_background":"","ocean_menu_link_active_background":"","ocean_menu_social_links_bg":"","ocean_menu_social_hover_links_bg":"","ocean_menu_social_links_color":"","ocean_menu_social_hover_links_color":"","ocean_disable_title":"default","ocean_disable_heading":"default","ocean_post_title":"","ocean_post_subheading":"","ocean_post_title_style":"","ocean_post_title_background_color":"","ocean_post_title_background":0,"ocean_post_title_bg_image_position":"","ocean_post_title_bg_image_attachment":"","ocean_post_title_bg_image_repeat":"","ocean_post_title_bg_image_size":"","ocean_post_title_height":0,"ocean_post_title_bg_overlay":0.5,"ocean_post_title_bg_overlay_color":"","ocean_disable_breadcrumbs":"default","ocean_breadcrumbs_color":"","ocean_breadcrumbs_separator_color":"","ocean_breadcrumbs_links_color":"","ocean_breadcrumbs_links_hover_color":"","ocean_display_footer_widgets":"default","ocean_display_footer_bottom":"default","ocean_custom_footer_template":""},"product_brand":[],"product_cat":[348,342],"product_tag":[],"class_list":{"0":"post-202593","1":"product","2":"type-product","3":"status-publish","4":"has-post-thumbnail","6":"product_cat-doccette-e-soffioni-doccia","7":"product_cat-idraulica","9":"entry","10":"has-media","12":"first","13":"outofstock","14":"taxable","15":"shipping-taxable","16":"product-type-simple","17":"has-product-nav","18":"col","19":"span_1_of_4","20":"owp-content-center","21":"item-entry","22":"owp-thumbs-layout-horizontal","23":"owp-btn-normal","24":"owp-tabs-layout-horizontal","25":"has-no-thumbnails"},"_links":{"self":[{"href":"https:\/\/ferramentaidraulicasavi.it\/index.php?rest_route=\/wp\/v2\/product\/202593","targetHints":{"allow":["GET"]}}],"collection":[{"href":"https:\/\/ferramentaidraulicasavi.it\/index.php?rest_route=\/wp\/v2\/product"}],"about":[{"href":"https:\/\/ferramentaidraulicasavi.it\/index.php?rest_route=\/wp\/v2\/types\/product"}],"version-history":[{"count":0,"href":"https:\/\/ferramentaidraulicasavi.it\/index.php?rest_route=\/wp\/v2\/product\/202593\/revisions"}],"wp:featuredmedia":[{"embeddable":true,"href":"https:\/\/ferramentaidraulicasavi.it\/index.php?rest_route=\/wp\/v2\/media\/241832"}],"wp:attachment":[{"href":"https:\/\/ferramentaidraulicasavi.it\/index.php?rest_route=%2Fwp%2Fv2%2Fmedia&parent=202593"}],"wp:term":[{"taxonomy":"product_brand","embeddable":true,"href":"https:\/\/ferramentaidraulicasavi.it\/index.php?rest_route=%2Fwp%2Fv2%2Fproduct_brand&post=202593"},{"taxonomy":"product_cat","embeddable":true,"href":"https:\/\/ferramentaidraulicasavi.it\/index.php?rest_route=%2Fwp%2Fv2%2Fproduct_cat&post=202593"},{"taxonomy":"product_tag","embeddable":true,"href":"https:\/\/ferramentaidraulicasavi.it\/index.php?rest_route=%2Fwp%2Fv2%2Fproduct_tag&post=202593"}],"curies":[{"name":"wp","href":"https:\/\/api.w.org\/{rel}","templated":true}]}}