{"id":200981,"date":"2023-09-26T17:00:01","date_gmt":"2023-09-26T15:00:01","guid":{"rendered":"https:\/\/ferramentaidraulicasavi.it\/prodotto\/radiocomando-chiave-auto-vergine-universale-mavik-433-92\/"},"modified":"2025-03-17T13:34:18","modified_gmt":"2025-03-17T12:34:18","slug":"radiocomando-chiave-auto-vergine-universale-mavik-433-92","status":"publish","type":"product","link":"https:\/\/ferramentaidraulicasavi.it\/?product=radiocomando-chiave-auto-vergine-universale-mavik-433-92","title":{"rendered":"RADIOCOMANDO CHIAVE AUTO VERGINE UNIVERSALE MAVIK 433.92"},"content":{"rendered":"<p>Mavik \u00e8 il nuovo telecomando universale per veicoli Keyline , che riproduce le funzionalit\u00e0 della chiave originale.<\/p>\n<p>Universale e riutilizzabile all&#8217;infinito , Mavik garantisce la massima flessibilit\u00e0 operativa. Consente inoltre la programmazione della maggior parte dei marchi automobilistici presenti sul mercato, con un elenco di applicazioni in continua espansione.<\/p>\n<p>Facile e intuitivo da usare, grazie alla meccanica robusta e al transponder integrato. In pochi passaggi ottieni una copia del telecomando utilizzando l&#8217;884 Decryptor Mini e il tuo smartphone. Mavik \u00e8 inoltre predisposto per la programmazione a bordo attraverso un dispositivo diagnostico.<\/p>\n<p>Compatto ed elegante, dal design esclusivo Keyline , unisce praticit\u00e0 d&#8217;uso a materiali e componenti elettronici di alta qualit\u00e0. Tutto Orgogliosamente Made in Italy.<\/p>\n<p>La preimpostazione Mavik* \u00e8 accessibile direttamente e gratuitamente da 884 Decryptor Mini e 884 Decryptor Ultegra , e permette di predisporre il telecomando per la prossima procedura di programmazione in pochi e semplici passaggi dall&#8217;App Keyline Cloning Tool o dal software .<\/p>\n<p>Quando necessario, Mavik deve anche essere precodificato utilizzando la speciale funzione &#8221; Pre-coding &#8220;** disponibile nell&#8217;app Keyline Cloning Tool o nel software.<\/p>\n<p>Mavik \u00e8 dotato di:<\/p>\n<p>\u2022 4 pulsanti per ospitare i modelli di telecomando originali,<\/p>\n<p>\u2022 sistema flip key con inserto metallico richiudibile Keyline. Perfettamente compatibile con la gamma Keyline di steli per chiavi.<\/p>\n<p>* Per la pre-codifica di Abarth\u00ae, Alfa Romeo\u00ae, Fiat\u00ae e Lancia\u00ae, 884 Decryptor Mini deve essere dotato di Bluetooth &amp; Power Adapter 2.0. <\/p>\n<p>** La funzione di precodifica deve essere acquistata separatamente e attivata nell&#8217;App e nel Software KCT.<\/p>\n","protected":false},"excerpt":{"rendered":"<p>Mavik \u00e8 il nuovo telecomando universale per veicoli Keyline , che riproduce le funzionalit\u00e0 della chiave originale. Universale e riutilizzabile all&#8217;infinito , Mavik garantisce la massima flessibilit\u00e0 operativa. Consente inoltre la programmazione della maggior parte dei marchi automobilistici presenti sul mercato, con un elenco di applicazioni in continua espansione. Facile e intuitivo da usare, grazie [&hellip;]<\/p>\n","protected":false},"featured_media":241188,"template":"","meta":{"ocean_post_layout":"","ocean_both_sidebars_style":"","ocean_both_sidebars_content_width":0,"ocean_both_sidebars_sidebars_width":0,"ocean_sidebar":"","ocean_second_sidebar":"","ocean_disable_margins":"enable","ocean_add_body_class":"","ocean_shortcode_before_top_bar":"","ocean_shortcode_after_top_bar":"","ocean_shortcode_before_header":"","ocean_shortcode_after_header":"","ocean_has_shortcode":"","ocean_shortcode_after_title":"","ocean_shortcode_before_footer_widgets":"","ocean_shortcode_after_footer_widgets":"","ocean_shortcode_before_footer_bottom":"","ocean_shortcode_after_footer_bottom":"","ocean_display_top_bar":"default","ocean_display_header":"default","ocean_header_style":"","ocean_center_header_left_menu":"","ocean_custom_header_template":"","ocean_custom_logo":0,"ocean_custom_retina_logo":0,"ocean_custom_logo_max_width":0,"ocean_custom_logo_tablet_max_width":0,"ocean_custom_logo_mobile_max_width":0,"ocean_custom_logo_max_height":0,"ocean_custom_logo_tablet_max_height":0,"ocean_custom_logo_mobile_max_height":0,"ocean_header_custom_menu":"","ocean_menu_typo_font_family":"","ocean_menu_typo_font_subset":"","ocean_menu_typo_font_size":0,"ocean_menu_typo_font_size_tablet":0,"ocean_menu_typo_font_size_mobile":0,"ocean_menu_typo_font_size_unit":"px","ocean_menu_typo_font_weight":"","ocean_menu_typo_font_weight_tablet":"","ocean_menu_typo_font_weight_mobile":"","ocean_menu_typo_transform":"","ocean_menu_typo_transform_tablet":"","ocean_menu_typo_transform_mobile":"","ocean_menu_typo_line_height":0,"ocean_menu_typo_line_height_tablet":0,"ocean_menu_typo_line_height_mobile":0,"ocean_menu_typo_line_height_unit":"","ocean_menu_typo_spacing":0,"ocean_menu_typo_spacing_tablet":0,"ocean_menu_typo_spacing_mobile":0,"ocean_menu_typo_spacing_unit":"","ocean_menu_link_color":"","ocean_menu_link_color_hover":"","ocean_menu_link_color_active":"","ocean_menu_link_background":"","ocean_menu_link_hover_background":"","ocean_menu_link_active_background":"","ocean_menu_social_links_bg":"","ocean_menu_social_hover_links_bg":"","ocean_menu_social_links_color":"","ocean_menu_social_hover_links_color":"","ocean_disable_title":"default","ocean_disable_heading":"default","ocean_post_title":"","ocean_post_subheading":"","ocean_post_title_style":"","ocean_post_title_background_color":"","ocean_post_title_background":0,"ocean_post_title_bg_image_position":"","ocean_post_title_bg_image_attachment":"","ocean_post_title_bg_image_repeat":"","ocean_post_title_bg_image_size":"","ocean_post_title_height":0,"ocean_post_title_bg_overlay":0.5,"ocean_post_title_bg_overlay_color":"","ocean_disable_breadcrumbs":"default","ocean_breadcrumbs_color":"","ocean_breadcrumbs_separator_color":"","ocean_breadcrumbs_links_color":"","ocean_breadcrumbs_links_hover_color":"","ocean_display_footer_widgets":"default","ocean_display_footer_bottom":"default","ocean_custom_footer_template":""},"product_brand":[],"product_cat":[324,311],"product_tag":[],"class_list":{"0":"post-200981","1":"product","2":"type-product","3":"status-publish","4":"has-post-thumbnail","6":"product_cat-duplicazione-chiavi-e-accessori","7":"product_cat-ferramenta","9":"entry","10":"has-media","12":"first","13":"instock","14":"taxable","15":"shipping-taxable","16":"product-type-simple","17":"has-product-nav","18":"col","19":"span_1_of_4","20":"owp-content-center","21":"item-entry","22":"owp-thumbs-layout-horizontal","23":"owp-btn-normal","24":"owp-tabs-layout-horizontal","25":"has-no-thumbnails"},"_links":{"self":[{"href":"https:\/\/ferramentaidraulicasavi.it\/index.php?rest_route=\/wp\/v2\/product\/200981","targetHints":{"allow":["GET"]}}],"collection":[{"href":"https:\/\/ferramentaidraulicasavi.it\/index.php?rest_route=\/wp\/v2\/product"}],"about":[{"href":"https:\/\/ferramentaidraulicasavi.it\/index.php?rest_route=\/wp\/v2\/types\/product"}],"version-history":[{"count":0,"href":"https:\/\/ferramentaidraulicasavi.it\/index.php?rest_route=\/wp\/v2\/product\/200981\/revisions"}],"wp:featuredmedia":[{"embeddable":true,"href":"https:\/\/ferramentaidraulicasavi.it\/index.php?rest_route=\/wp\/v2\/media\/241188"}],"wp:attachment":[{"href":"https:\/\/ferramentaidraulicasavi.it\/index.php?rest_route=%2Fwp%2Fv2%2Fmedia&parent=200981"}],"wp:term":[{"taxonomy":"product_brand","embeddable":true,"href":"https:\/\/ferramentaidraulicasavi.it\/index.php?rest_route=%2Fwp%2Fv2%2Fproduct_brand&post=200981"},{"taxonomy":"product_cat","embeddable":true,"href":"https:\/\/ferramentaidraulicasavi.it\/index.php?rest_route=%2Fwp%2Fv2%2Fproduct_cat&post=200981"},{"taxonomy":"product_tag","embeddable":true,"href":"https:\/\/ferramentaidraulicasavi.it\/index.php?rest_route=%2Fwp%2Fv2%2Fproduct_tag&post=200981"}],"curies":[{"name":"wp","href":"https:\/\/api.w.org\/{rel}","templated":true}]}}