{"id":194576,"date":"2023-09-26T14:21:23","date_gmt":"2023-09-26T12:21:23","guid":{"rendered":"https:\/\/ferramentaidraulicasavi.it\/prodotto\/golfare-da-ponteggio-fischer\/"},"modified":"2026-04-08T12:31:47","modified_gmt":"2026-04-08T10:31:47","slug":"golfare-da-ponteggio-fischer","status":"publish","type":"product","link":"https:\/\/ferramentaidraulicasavi.it\/?product=golfare-da-ponteggio-fischer","title":{"rendered":"GOLFARE DA PONTEGGIO FISCHER ART.008088"},"content":{"rendered":"<p>Il golfare in acciaio forgiato \u00f8 50 mm, in abbinamento con l&#8217;ancorante meccanico o chimico<br \/>\nAncoraggio per ponteggi GP \u00f8 50<\/p>\n<p>Diametro foro (d0)\t12 mm<br \/>\nProfondit\u00e0 foro min (h1) 130 mm<br \/>\n\u00f8 occhiolo\t50 mm<br \/>\nSpessore occhiolo\t12 mm<\/p>\n<p>Vantaggi<br \/>\nL\u2019elevata capacit\u00e0 portante del golfare \u00f8 50 mm in acciaio forgiato a caldo incrementa la sicurezza del fissaggio del ponteggio.<\/p>\n<p>Lo stelo esagonale del golfare \u00e8 facilmente serrabile con chiave SW 22.<\/p>\n<p>L\u2019ancoraggio GP-TAM \u00e8 costituito dal golfare \u00f8 50 mm, corpo espansore TA M, barra filettata, rondella e distanziale. Il golfare pu\u00f2 essere ripetutamente installato e smontato utilizzando un nuovo punto di fissaggio.<\/p>\n<p>L\u2019ancoraggio GP-FIP \u00e8 costituito dal golfare \u00f8 50 mm, barra filettata, rondella, bussola internamente filettata FIS E 15 x 85 M 12 e tassello a rete FIS H 20 x 85 K. Il golfare pu\u00f2 essere ripetutamente installato e smontato utilizzando lo stesso punto di fissaggio.<\/p>\n","protected":false},"excerpt":{"rendered":"<p>Il golfare in acciaio forgiato \u00f8 50 mm, in abbinamento con l&#8217;ancorante meccanico o chimico Ancoraggio per ponteggi GP \u00f8 50 Diametro foro (d0) 12 mm Profondit\u00e0 foro min (h1) 130 mm \u00f8 occhiolo 50 mm Spessore occhiolo 12 mm Vantaggi L\u2019elevata capacit\u00e0 portante del golfare \u00f8 50 mm in acciaio forgiato a caldo incrementa [&hellip;]<\/p>\n","protected":false},"featured_media":239602,"template":"","meta":{"ocean_post_layout":"","ocean_both_sidebars_style":"","ocean_both_sidebars_content_width":0,"ocean_both_sidebars_sidebars_width":0,"ocean_sidebar":"","ocean_second_sidebar":"","ocean_disable_margins":"enable","ocean_add_body_class":"","ocean_shortcode_before_top_bar":"","ocean_shortcode_after_top_bar":"","ocean_shortcode_before_header":"","ocean_shortcode_after_header":"","ocean_has_shortcode":"","ocean_shortcode_after_title":"","ocean_shortcode_before_footer_widgets":"","ocean_shortcode_after_footer_widgets":"","ocean_shortcode_before_footer_bottom":"","ocean_shortcode_after_footer_bottom":"","ocean_display_top_bar":"default","ocean_display_header":"default","ocean_header_style":"","ocean_center_header_left_menu":"","ocean_custom_header_template":"","ocean_custom_logo":0,"ocean_custom_retina_logo":0,"ocean_custom_logo_max_width":0,"ocean_custom_logo_tablet_max_width":0,"ocean_custom_logo_mobile_max_width":0,"ocean_custom_logo_max_height":0,"ocean_custom_logo_tablet_max_height":0,"ocean_custom_logo_mobile_max_height":0,"ocean_header_custom_menu":"","ocean_menu_typo_font_family":"","ocean_menu_typo_font_subset":"","ocean_menu_typo_font_size":0,"ocean_menu_typo_font_size_tablet":0,"ocean_menu_typo_font_size_mobile":0,"ocean_menu_typo_font_size_unit":"px","ocean_menu_typo_font_weight":"","ocean_menu_typo_font_weight_tablet":"","ocean_menu_typo_font_weight_mobile":"","ocean_menu_typo_transform":"","ocean_menu_typo_transform_tablet":"","ocean_menu_typo_transform_mobile":"","ocean_menu_typo_line_height":0,"ocean_menu_typo_line_height_tablet":0,"ocean_menu_typo_line_height_mobile":0,"ocean_menu_typo_line_height_unit":"","ocean_menu_typo_spacing":0,"ocean_menu_typo_spacing_tablet":0,"ocean_menu_typo_spacing_mobile":0,"ocean_menu_typo_spacing_unit":"","ocean_menu_link_color":"","ocean_menu_link_color_hover":"","ocean_menu_link_color_active":"","ocean_menu_link_background":"","ocean_menu_link_hover_background":"","ocean_menu_link_active_background":"","ocean_menu_social_links_bg":"","ocean_menu_social_hover_links_bg":"","ocean_menu_social_links_color":"","ocean_menu_social_hover_links_color":"","ocean_disable_title":"default","ocean_disable_heading":"default","ocean_post_title":"","ocean_post_subheading":"","ocean_post_title_style":"","ocean_post_title_background_color":"","ocean_post_title_background":0,"ocean_post_title_bg_image_position":"","ocean_post_title_bg_image_attachment":"","ocean_post_title_bg_image_repeat":"","ocean_post_title_bg_image_size":"","ocean_post_title_height":0,"ocean_post_title_bg_overlay":0.5,"ocean_post_title_bg_overlay_color":"","ocean_disable_breadcrumbs":"default","ocean_breadcrumbs_color":"","ocean_breadcrumbs_separator_color":"","ocean_breadcrumbs_links_color":"","ocean_breadcrumbs_links_hover_color":"","ocean_display_footer_widgets":"default","ocean_display_footer_bottom":"default","ocean_custom_footer_template":""},"product_brand":[],"product_cat":[311,339],"product_tag":[],"class_list":{"0":"post-194576","1":"product","2":"type-product","3":"status-publish","4":"has-post-thumbnail","6":"product_cat-ferramenta","7":"product_cat-tasselli-rivetti-barre-filettate","9":"entry","10":"has-media","12":"first","13":"outofstock","14":"taxable","15":"shipping-taxable","16":"product-type-simple","17":"has-product-nav","18":"col","19":"span_1_of_4","20":"owp-content-center","21":"item-entry","22":"owp-thumbs-layout-horizontal","23":"owp-btn-normal","24":"owp-tabs-layout-horizontal","25":"has-no-thumbnails"},"_links":{"self":[{"href":"https:\/\/ferramentaidraulicasavi.it\/index.php?rest_route=\/wp\/v2\/product\/194576","targetHints":{"allow":["GET"]}}],"collection":[{"href":"https:\/\/ferramentaidraulicasavi.it\/index.php?rest_route=\/wp\/v2\/product"}],"about":[{"href":"https:\/\/ferramentaidraulicasavi.it\/index.php?rest_route=\/wp\/v2\/types\/product"}],"version-history":[{"count":0,"href":"https:\/\/ferramentaidraulicasavi.it\/index.php?rest_route=\/wp\/v2\/product\/194576\/revisions"}],"wp:featuredmedia":[{"embeddable":true,"href":"https:\/\/ferramentaidraulicasavi.it\/index.php?rest_route=\/wp\/v2\/media\/239602"}],"wp:attachment":[{"href":"https:\/\/ferramentaidraulicasavi.it\/index.php?rest_route=%2Fwp%2Fv2%2Fmedia&parent=194576"}],"wp:term":[{"taxonomy":"product_brand","embeddable":true,"href":"https:\/\/ferramentaidraulicasavi.it\/index.php?rest_route=%2Fwp%2Fv2%2Fproduct_brand&post=194576"},{"taxonomy":"product_cat","embeddable":true,"href":"https:\/\/ferramentaidraulicasavi.it\/index.php?rest_route=%2Fwp%2Fv2%2Fproduct_cat&post=194576"},{"taxonomy":"product_tag","embeddable":true,"href":"https:\/\/ferramentaidraulicasavi.it\/index.php?rest_route=%2Fwp%2Fv2%2Fproduct_tag&post=194576"}],"curies":[{"name":"wp","href":"https:\/\/api.w.org\/{rel}","templated":true}]}}