{"id":192825,"date":"2023-09-26T13:34:17","date_gmt":"2023-09-26T11:34:17","guid":{"rendered":"https:\/\/ferramentaidraulicasavi.it\/prodotto\/esca-siringa-gel-scarafaggi-gr-5-foval\/"},"modified":"2025-03-17T12:43:36","modified_gmt":"2025-03-17T11:43:36","slug":"esca-siringa-gel-scarafaggi-gr-5-foval","status":"publish","type":"product","link":"https:\/\/ferramentaidraulicasavi.it\/?product=esca-siringa-gel-scarafaggi-gr-5-foval","title":{"rendered":"ESCA SIRINGA GEL SCARAFAGGI gr 5 FOVAL"},"content":{"rendered":"<p>Insetticida Foval Gel Scarafaggi Adama Gr. 5<\/p>\n<p>OVAL GEL SCARAFAGGI \u00e8 un insetticida pronto all&#8217;uso efficace contro le blatte (ninfe ed adulti) delle specie Blattella germanica, Blatta orientalis, Supella longipalpa e Periplaneta americana. FOVAL GEL SCARAFAGGI si applica tal quale, \u00e8 di facile impiego in trattamenti localizzati e, grazie alla sua appetibilit\u00e0 ed al suo potere attrattivo, offre la massima efficacia nel controllo degli scarafaggi. Il prodotto pu\u00f2 essere utilizzato per la disinfestazione di case di abitazioni, cinema, scuole, ospedali, caserme, bar, ristoranti, alberghi, campeggi, treni, navi, aerei, magazzini, industrie in genere, industrie e laboratori alimentari. Confezione: 1 siringa da 5 g in blister. Contro Blattella germanica e Supella longipalpa: applicare, a seconda del grado di infestazione, 1-4 gocce da 0,04 g per m2. Contro Blatta orientalis e Periplaneta americana: applicare, a seconda del grado di infestazione, 2-6 gocce da 0,04 g per m\u00b2. Una goccia di 0,04 grammi equivale ad un diametro di circa 4 millimetri. Gli scarafaggi muoiono nelle ore successive all&#8217;ingestione del gel. Poich\u00e9 gli scarafaggi hanno come abitudine alimentare quella di passarsi gli alimenti, di nutrirsi dei cadaveri e degli escrementi appartenenti alla propria specie, in questo modo trasmettono l&#8217;insetticida all&#8217;interno della popolazione di blatte creando un effetto a catena che prolunga l&#8217;attivit\u00e0 del prodotto. Effettuare trattamenti localizzati nei siti frequentati dagli scarafaggi, luoghi di passaggio, luoghi caldi ed umidi (in vicinanza dei lavandini, delle condotte idriche, dietro i motori delle apparecchiature elettriche quali frigoriferi, computer, registratori, centraline elettriche), dietro cucine, mobili, forni, luoghi di accumulo rifiuti, e laddove sia prevedibile l&#8217;annidamento degli scarafaggi. In presenza di forti infestazioni \u00e8 consigliabile ripetere il trattamento dopo 1-2 settimane.<\/p>\n","protected":false},"excerpt":{"rendered":"<p>Insetticida Foval Gel Scarafaggi Adama Gr. 5 OVAL GEL SCARAFAGGI \u00e8 un insetticida pronto all&#8217;uso efficace contro le blatte (ninfe ed adulti) delle specie Blattella germanica, Blatta orientalis, Supella longipalpa e Periplaneta americana. FOVAL GEL SCARAFAGGI si applica tal quale, \u00e8 di facile impiego in trattamenti localizzati e, grazie alla sua appetibilit\u00e0 ed al suo [&hellip;]<\/p>\n","protected":false},"featured_media":238835,"template":"","meta":{"ocean_post_layout":"","ocean_both_sidebars_style":"","ocean_both_sidebars_content_width":0,"ocean_both_sidebars_sidebars_width":0,"ocean_sidebar":"","ocean_second_sidebar":"","ocean_disable_margins":"enable","ocean_add_body_class":"","ocean_shortcode_before_top_bar":"","ocean_shortcode_after_top_bar":"","ocean_shortcode_before_header":"","ocean_shortcode_after_header":"","ocean_has_shortcode":"","ocean_shortcode_after_title":"","ocean_shortcode_before_footer_widgets":"","ocean_shortcode_after_footer_widgets":"","ocean_shortcode_before_footer_bottom":"","ocean_shortcode_after_footer_bottom":"","ocean_display_top_bar":"default","ocean_display_header":"default","ocean_header_style":"","ocean_center_header_left_menu":"","ocean_custom_header_template":"","ocean_custom_logo":0,"ocean_custom_retina_logo":0,"ocean_custom_logo_max_width":0,"ocean_custom_logo_tablet_max_width":0,"ocean_custom_logo_mobile_max_width":0,"ocean_custom_logo_max_height":0,"ocean_custom_logo_tablet_max_height":0,"ocean_custom_logo_mobile_max_height":0,"ocean_header_custom_menu":"","ocean_menu_typo_font_family":"","ocean_menu_typo_font_subset":"","ocean_menu_typo_font_size":0,"ocean_menu_typo_font_size_tablet":0,"ocean_menu_typo_font_size_mobile":0,"ocean_menu_typo_font_size_unit":"px","ocean_menu_typo_font_weight":"","ocean_menu_typo_font_weight_tablet":"","ocean_menu_typo_font_weight_mobile":"","ocean_menu_typo_transform":"","ocean_menu_typo_transform_tablet":"","ocean_menu_typo_transform_mobile":"","ocean_menu_typo_line_height":0,"ocean_menu_typo_line_height_tablet":0,"ocean_menu_typo_line_height_mobile":0,"ocean_menu_typo_line_height_unit":"","ocean_menu_typo_spacing":0,"ocean_menu_typo_spacing_tablet":0,"ocean_menu_typo_spacing_mobile":0,"ocean_menu_typo_spacing_unit":"","ocean_menu_link_color":"","ocean_menu_link_color_hover":"","ocean_menu_link_color_active":"","ocean_menu_link_background":"","ocean_menu_link_hover_background":"","ocean_menu_link_active_background":"","ocean_menu_social_links_bg":"","ocean_menu_social_hover_links_bg":"","ocean_menu_social_links_color":"","ocean_menu_social_hover_links_color":"","ocean_disable_title":"default","ocean_disable_heading":"default","ocean_post_title":"","ocean_post_subheading":"","ocean_post_title_style":"","ocean_post_title_background_color":"","ocean_post_title_background":0,"ocean_post_title_bg_image_position":"","ocean_post_title_bg_image_attachment":"","ocean_post_title_bg_image_repeat":"","ocean_post_title_bg_image_size":"","ocean_post_title_height":0,"ocean_post_title_bg_overlay":0.5,"ocean_post_title_bg_overlay_color":"","ocean_disable_breadcrumbs":"default","ocean_breadcrumbs_color":"","ocean_breadcrumbs_separator_color":"","ocean_breadcrumbs_links_color":"","ocean_breadcrumbs_links_hover_color":"","ocean_display_footer_widgets":"default","ocean_display_footer_bottom":"default","ocean_custom_footer_template":""},"product_brand":[],"product_cat":[311,322],"product_tag":[],"class_list":{"0":"post-192825","1":"product","2":"type-product","3":"status-publish","4":"has-post-thumbnail","6":"product_cat-ferramenta","7":"product_cat-giardinaggio","9":"entry","10":"has-media","12":"first","13":"instock","14":"taxable","15":"shipping-taxable","16":"product-type-simple","17":"has-product-nav","18":"col","19":"span_1_of_4","20":"owp-content-center","21":"item-entry","22":"owp-thumbs-layout-horizontal","23":"owp-btn-normal","24":"owp-tabs-layout-horizontal","25":"has-no-thumbnails"},"_links":{"self":[{"href":"https:\/\/ferramentaidraulicasavi.it\/index.php?rest_route=\/wp\/v2\/product\/192825","targetHints":{"allow":["GET"]}}],"collection":[{"href":"https:\/\/ferramentaidraulicasavi.it\/index.php?rest_route=\/wp\/v2\/product"}],"about":[{"href":"https:\/\/ferramentaidraulicasavi.it\/index.php?rest_route=\/wp\/v2\/types\/product"}],"version-history":[{"count":0,"href":"https:\/\/ferramentaidraulicasavi.it\/index.php?rest_route=\/wp\/v2\/product\/192825\/revisions"}],"wp:featuredmedia":[{"embeddable":true,"href":"https:\/\/ferramentaidraulicasavi.it\/index.php?rest_route=\/wp\/v2\/media\/238835"}],"wp:attachment":[{"href":"https:\/\/ferramentaidraulicasavi.it\/index.php?rest_route=%2Fwp%2Fv2%2Fmedia&parent=192825"}],"wp:term":[{"taxonomy":"product_brand","embeddable":true,"href":"https:\/\/ferramentaidraulicasavi.it\/index.php?rest_route=%2Fwp%2Fv2%2Fproduct_brand&post=192825"},{"taxonomy":"product_cat","embeddable":true,"href":"https:\/\/ferramentaidraulicasavi.it\/index.php?rest_route=%2Fwp%2Fv2%2Fproduct_cat&post=192825"},{"taxonomy":"product_tag","embeddable":true,"href":"https:\/\/ferramentaidraulicasavi.it\/index.php?rest_route=%2Fwp%2Fv2%2Fproduct_tag&post=192825"}],"curies":[{"name":"wp","href":"https:\/\/api.w.org\/{rel}","templated":true}]}}