{"id":188718,"date":"2023-09-26T12:00:20","date_gmt":"2023-09-26T10:00:20","guid":{"rendered":"https:\/\/ferramentaidraulicasavi.it\/prodotto\/attak-gel-flexgel-gr-3\/"},"modified":"2025-03-17T11:56:41","modified_gmt":"2025-03-17T10:56:41","slug":"attak-gel-flexgel-gr-3","status":"publish","type":"product","link":"https:\/\/ferramentaidraulicasavi.it\/?product=attak-gel-flexgel-gr-3","title":{"rendered":"ATTAK GEL FLEXGEL gr 3"},"content":{"rendered":"<p>Caratteristiche tecnicheTipologiaAdesivo istantaneo universaleNatura chimicaEtile CianoacrilatoAspettoTrasparente gelColore1.1 g\/cm3 Viscosit\u00e0Gel che non colaTemperatura di applicazione15-30\u00b0CTempo di presa10-30 sec; Indurimento finale12-24 hForza dell&#8217;icollaggioISO 4587, tra i 15 e i 25 N\/mm2ApplicazioniIndicato per l&#8217;uso domestico e crea forti incollaggi tra i materiali pi\u00f9 comuni; La formula gel anti- sgocciolamento lo rende particolarmente adatto per le superfici verticali; \u00c9 lideale per incollare plastica, gomma, metallo, legno, ceramica, cuoio, carta e cartone;<br \/>\nFormato3 grSpecificheLinea prodottoSuper AttakInformazioni\/utilizzoLOCTITE Power Flex \u00e9 resistente agli urti ed \u00e9 perfetto per le applicazioni su materiali che richiedono una certa flessibilit\u00e0; La formula \u00e9 stata studiata per consentire di riposizionare i materiali durante lincollaggio; Power Flex \u00e9 conforme agli standard EN204 D3, nel caso di incollaggi del legno la formula resistente allacqua rende la superficie interessata bagnabile, tuttavia perde di efficacia nel caso di unesposizione continua a un ambiente umido; Non utilizzare su superfici sporche, polverose o bagnate Non adatto a incollaggi PE, PP, PTFE tali plastiche risultano untuose al tatto, gomma siliconica, vetro o superfici vetrificate;<br \/>\nScheda di sicurezza v. allegati; Espositore da 24 pezzi ATTENZIONE Spedizione in 5\/10 giorni lavorativi; controllare sempre la data di consegna indicata nell&#8217;inserzione CODICE ARTICOLO: JM2185402Brand: HenkelDESCRIZIONE ARTICOLO Adesivo istantaneo universale Loctite Super Attak Power Flex 3 gr; Loctite Super Attak Adesivo istantaneo gel, l&#8217;ultimo traguardo tecnologico tra gli adesivi istantanei;<br \/>\nLa sua formula rinforzata con microparticelle di gomma lo rende un adesivo adatto per tutte le superfici e specifico per i materiali flessibili come la gomma, il cuoio e la pelle; Resistente all&#8217;acqua, permette l&#8217;incollaggio di materiali porosi come legno e sughero per mezzo della sua speciale formula in gel che non penetra, ma permea, non cola e non sbava, risultando ideale per applicazioni su superfici verticali; Campi di applicazione LOCTITE Power Flex \u00e9 indicato per l&#8217;uso domestico e crea forti incollaggi tra i materiali pi\u00f9 comuni; \u00c9 l&#8217;ideale per incollare plastica, gomma, metallo, legno, ceramica, cuoio, carta e cartone;<br \/>\nLoctite power flex \u00e9 resistente agli urti ed \u00e9 perfetto per le applicazioni su materiali che richiedono una certa flessibilit\u00e0; Power Flex \u00e9 conforme agli standard EN204 D3, nel caso di incollaggi del legno la formula resistente all&#8217;acqua rende la superficie interessata bagnabile, tuttavia perde di efficacia nel caso di un&#8217;esposizione continua a un ambiente umido; Velocit\u00e0 di incollaggio: adesione iniziale tra i 10 e 30 secondi a seconda del materiale; Forza dell&#8217;incollaggio ISO 4587, tra i 15 e i 25 N\/mm2 in 12-24 ore a seconda del materiale.<\/p>\n","protected":false},"excerpt":{"rendered":"<p>Caratteristiche tecnicheTipologiaAdesivo istantaneo universaleNatura chimicaEtile CianoacrilatoAspettoTrasparente gelColore1.1 g\/cm3 Viscosit\u00e0Gel che non colaTemperatura di applicazione15-30\u00b0CTempo di presa10-30 sec; Indurimento finale12-24 hForza dell&#8217;icollaggioISO 4587, tra i 15 e i 25 N\/mm2ApplicazioniIndicato per l&#8217;uso domestico e crea forti incollaggi tra i materiali pi\u00f9 comuni; La formula gel anti- sgocciolamento lo rende particolarmente adatto per le superfici verticali; \u00c9 [&hellip;]<\/p>\n","protected":false},"featured_media":235301,"template":"","meta":{"ocean_post_layout":"","ocean_both_sidebars_style":"","ocean_both_sidebars_content_width":0,"ocean_both_sidebars_sidebars_width":0,"ocean_sidebar":"","ocean_second_sidebar":"","ocean_disable_margins":"enable","ocean_add_body_class":"","ocean_shortcode_before_top_bar":"","ocean_shortcode_after_top_bar":"","ocean_shortcode_before_header":"","ocean_shortcode_after_header":"","ocean_has_shortcode":"","ocean_shortcode_after_title":"","ocean_shortcode_before_footer_widgets":"","ocean_shortcode_after_footer_widgets":"","ocean_shortcode_before_footer_bottom":"","ocean_shortcode_after_footer_bottom":"","ocean_display_top_bar":"default","ocean_display_header":"default","ocean_header_style":"","ocean_center_header_left_menu":"","ocean_custom_header_template":"","ocean_custom_logo":0,"ocean_custom_retina_logo":0,"ocean_custom_logo_max_width":0,"ocean_custom_logo_tablet_max_width":0,"ocean_custom_logo_mobile_max_width":0,"ocean_custom_logo_max_height":0,"ocean_custom_logo_tablet_max_height":0,"ocean_custom_logo_mobile_max_height":0,"ocean_header_custom_menu":"","ocean_menu_typo_font_family":"","ocean_menu_typo_font_subset":"","ocean_menu_typo_font_size":0,"ocean_menu_typo_font_size_tablet":0,"ocean_menu_typo_font_size_mobile":0,"ocean_menu_typo_font_size_unit":"px","ocean_menu_typo_font_weight":"","ocean_menu_typo_font_weight_tablet":"","ocean_menu_typo_font_weight_mobile":"","ocean_menu_typo_transform":"","ocean_menu_typo_transform_tablet":"","ocean_menu_typo_transform_mobile":"","ocean_menu_typo_line_height":0,"ocean_menu_typo_line_height_tablet":0,"ocean_menu_typo_line_height_mobile":0,"ocean_menu_typo_line_height_unit":"","ocean_menu_typo_spacing":0,"ocean_menu_typo_spacing_tablet":0,"ocean_menu_typo_spacing_mobile":0,"ocean_menu_typo_spacing_unit":"","ocean_menu_link_color":"","ocean_menu_link_color_hover":"","ocean_menu_link_color_active":"","ocean_menu_link_background":"","ocean_menu_link_hover_background":"","ocean_menu_link_active_background":"","ocean_menu_social_links_bg":"","ocean_menu_social_hover_links_bg":"","ocean_menu_social_links_color":"","ocean_menu_social_hover_links_color":"","ocean_disable_title":"default","ocean_disable_heading":"default","ocean_post_title":"","ocean_post_subheading":"","ocean_post_title_style":"","ocean_post_title_background_color":"","ocean_post_title_background":0,"ocean_post_title_bg_image_position":"","ocean_post_title_bg_image_attachment":"","ocean_post_title_bg_image_repeat":"","ocean_post_title_bg_image_size":"","ocean_post_title_height":0,"ocean_post_title_bg_overlay":0.5,"ocean_post_title_bg_overlay_color":"","ocean_disable_breadcrumbs":"default","ocean_breadcrumbs_color":"","ocean_breadcrumbs_separator_color":"","ocean_breadcrumbs_links_color":"","ocean_breadcrumbs_links_hover_color":"","ocean_display_footer_widgets":"default","ocean_display_footer_bottom":"default","ocean_custom_footer_template":""},"product_brand":[],"product_cat":[316,311],"product_tag":[],"class_list":{"0":"post-188718","1":"product","2":"type-product","3":"status-publish","4":"has-post-thumbnail","6":"product_cat-colle-siliconi-e-access","7":"product_cat-ferramenta","9":"entry","10":"has-media","12":"first","13":"instock","14":"taxable","15":"shipping-taxable","16":"purchasable","17":"product-type-simple","18":"has-product-nav","19":"col","20":"span_1_of_4","21":"owp-content-center","22":"item-entry","23":"owp-thumbs-layout-horizontal","24":"owp-btn-normal","25":"owp-tabs-layout-horizontal","26":"has-no-thumbnails"},"_links":{"self":[{"href":"https:\/\/ferramentaidraulicasavi.it\/index.php?rest_route=\/wp\/v2\/product\/188718","targetHints":{"allow":["GET"]}}],"collection":[{"href":"https:\/\/ferramentaidraulicasavi.it\/index.php?rest_route=\/wp\/v2\/product"}],"about":[{"href":"https:\/\/ferramentaidraulicasavi.it\/index.php?rest_route=\/wp\/v2\/types\/product"}],"version-history":[{"count":0,"href":"https:\/\/ferramentaidraulicasavi.it\/index.php?rest_route=\/wp\/v2\/product\/188718\/revisions"}],"wp:featuredmedia":[{"embeddable":true,"href":"https:\/\/ferramentaidraulicasavi.it\/index.php?rest_route=\/wp\/v2\/media\/235301"}],"wp:attachment":[{"href":"https:\/\/ferramentaidraulicasavi.it\/index.php?rest_route=%2Fwp%2Fv2%2Fmedia&parent=188718"}],"wp:term":[{"taxonomy":"product_brand","embeddable":true,"href":"https:\/\/ferramentaidraulicasavi.it\/index.php?rest_route=%2Fwp%2Fv2%2Fproduct_brand&post=188718"},{"taxonomy":"product_cat","embeddable":true,"href":"https:\/\/ferramentaidraulicasavi.it\/index.php?rest_route=%2Fwp%2Fv2%2Fproduct_cat&post=188718"},{"taxonomy":"product_tag","embeddable":true,"href":"https:\/\/ferramentaidraulicasavi.it\/index.php?rest_route=%2Fwp%2Fv2%2Fproduct_tag&post=188718"}],"curies":[{"name":"wp","href":"https:\/\/api.w.org\/{rel}","templated":true}]}}